p**2 - 151*p + 19. What is a(8)?
-37
Let m(z) = 2*z**3 - 36*z + 17. Determine m(4).
1
Let r(t) = -4510*t + 18030. Calculate r(4).
-10
Let j(u) = 779*u - 120734. Give j(155).
11
Let z(x) = x**3 - 13*x**2 + 10*x - 70. What is z(13)?
60
Let a(g) = 3*g**3 - 19*g**2 + 19*g - 94. Calculate a(6).
-16
Let z(c) = 60*c**3 - 3*c**2 - 4*c + 7. What is z(1)?
60
Let d(n) = -3*n**2 + 1350*n - 4038. Calculate d(3).
-15
Let b(a) = 31*a + 270. Give b(-13).
-133
Let s(z) = -8*z**2 + z + 4. What is s(-2)?
-30
Let v(q) = -6*q**2 + 36*q + 63. What is v(-2)?
-33
Let c(h) = -321*h - 5817. Give c(-18).
-39
Let a(z) = -2*z**2 - 88*z - 77. Give a(-35).
553
Let a(l) = 2*l**3 - 8*l**2 + 13*l - 67. What is a(4)?
-15
Let s(g) = -50*g**3 - 4*g**2 + 2*g + 2. Calculate s(2).
-410
Let o(h) = -4*h**3 + 15*h**2 - 66*h + 268. Calculate o(4).
-12
Let p(y) = 66*y - 1578. Give p(26).
138
Let z(n) = -1124*n + 138. Calculate z(1).
-986
Let i(u) = u**3 + 59*u**2 + 56*u - 417. Determine i(-58).
-301
Let c(f) = 9*f**2 - 228*f - 152. What is c(26)?
4
Let u(v) = -v**3 - 5*v**2 + 132*v - 245. Determine u(2).
-9
Let a(c) = 2*c**3 - 50*c**2 + 35*c + 293. What is a(24)?
-19
Let x(p) = -158*p + 2860. Calculate x(18).
16
Let p(g) = 4*g**2 - 161*g - 661. Determine p(-4).
47
Let h(o) = 186*o + 32. Determine h(0).
32
Let n(l) = -8*l + 14. Determine n(-8).
78
Let w(b) = 38*b + 75. Determine w(-5).
-115
Let o(l) = 15*l - 89. Calculate o(6).
1
Let v(w) = 8*w**3 + 2*w + 23. Determine v(-3).
-199
Let c(t) = -6*t**2 - 5*t + 3. Determine c(-5).
-122
Let j(c) = 24*c + 1066. Calculate j(-37).
178
Let z(c) = -245*c + 7116. Give z(29).
11
Let s(q) = -q**2 - 2*q + 8. Determine s(-4).
0
Let s(w) = -90*w - 5507. Give s(-61).
-17
Let c(u) = -350*u + 10500. Determine c(30).
0
Let f(b) = 237*b + 2057. Give f(-9).
-76
Let z(h) = -1911*h - 1908. Determine z(-1).
3
Let j(u) = -2*u**3 - 13*u**2 - 8*u - 31. Calculate j(-7).
74
Let s(c) = 17*c - 44. What is s(-2)?
-78
Let x(l) = -45*l**3 - 4*l**2 - 2*l + 10. Determine x(2).
-370
Let t(a) = -a**2 - 104*a - 177. Calculate t(-100).
223
Let l(h) = -34*h - 5979. Calculate l(-176).
5
Let w(u) = 24*u - 827. Determine w(33).
-35
Let m(s) = -11*s + 578. Calculate m(51).
17
Let u(d) = d**3 - 90*d**2 - 275*d + 19. Calculate u(-3).
7
Let q(o) = -423*o + 34. Give q(-2).
880
Let c(h) = 2*h**2 - 41*h + 118. Give c(3).
13
Let n(h) = -3*h**3 + 107*h**2 + 16*h + 720. Determine n(36).
0
Let f(n) = -441*n - 18489. Calculate f(-42).
33
Let k(s) = -s**3 - 30*s - 141. Calculate k(-6).
255
Let v(i) = -12*i**2 + 20*i - 136. Calculate v(6).
-448
Let v(i) = 2*i**2 - 48*i + 164. What is v(20)?
4
Let w(h) = -h**2 - 287*h - 1. Calculate w(0).
-1
Let c(d) = -21*d**2 - d - 14. Calculate c(2).
-100
Let r(f) = f**3 - 13*f**2 + 38*f + 13. Give r(5).
3
Let g(s) = s**3 + 33*s**2 + 205*s + 41. Calculate g(-8).
1
Let l(w) = 29*w - 277. What is l(9)?
-16
Let c(l) = 26*l**2 + 8133*l + 8134. Give c(-1).
27
Let g(v) = 2*v**3 - 39*v**2 + 81*v - 500. Calculate g(18).
-14
Let q(z) = z**3 + 20*z**2 + 11*z + 24. Give q(-19).
176
Let c(n) = n**3 - 82*n**2 - 81*n - 170. Calculate c(83).
-4
Let v(k) = -26*k**2 - 1103*k - 46. Determine v(-42).
416
Let r(s) = s**3 - 12*s**2 - 7*s - 21. Determine r(9).
-327
Let x(k) = 232*k - 65879. Give x(284).
9
Let l(g) = 5*g**2 + 59*g - 12. Give l(-12).
0
Let i(b) = -1097*b + 4400. Determine i(4).
12
Let o(y) = -217*y + 2607. What is o(12)?
3
Let r(q) = 179*q + 1249. Give r(-7).
-4
Let q(i) = -12884*i - 12872. Calculate q(-1).
12
Let r(x) = -11*x**2 - 25*x + 165. What is r(-10)?
-685
Let h(k) = -77*k**2 + 11*k - 11. Determine h(1).
-77
Let x(m) = 141*m - 1692. Calculate x(12).
0
Let b(z) = -2*z**2 - 29*z + 174. Determine b(5).
-21
Let b(t) = -t**3 - 23*t**2 - 52*t - 653. Determine b(-22).
7
Let x(w) = -w**3 + 191*w**2 + 395*w - 1735. Give x(193).
2
Let o(t) = t**3 + 16*t**2 - 226*t - 25. Determine o(-25).
0
Let y(z) = 30*z - 253. Give y(11).
77
Let p(o) = -o**3 + 11*o**2 + 16*o - 265. Give p(10).
-5
Let x(p) = p**3 + 57*p**2 + 212*p. Determine x(-53).
0
Let o(p) = -2*p - 272. What is o(-18)?
-236
Let u(k) = -2*k**2 - 5*k + 73. Give u(-9).
-44
Let d(b) = -2*b**3 + 25*b**2 + 127*b - 12. Determine d(-5).
228
Let o(s) = s**2 + 22*s - 100. Determine o(-26).
4
Let k(i) = -i + 160. What is k(-10)?
170
Let m(b) = -3*b**3 - 508*b**2 + 1371*b - 869. Give m(-172).
-9
Let i(m) = -223*m - 8914. Calculate i(-40).
6
Let c(a) = 36*a**2 - 313*a - 34. What is c(9)?
65
Let q(y) = -y**3 - 4*y**2 + 197*y + 1422. Calculate q(-8).
102
Let v(x) = 52*x + 1567. Calculate v(-30).
7
Let r(k) = -1150*k + 6901. Give r(6).
1
Let k(g) = 5*g**2 - 9*g - 4. Calculate k(4).
40
Let l(q) = -2*q**2 + 103*q - 8. What is l(0)?
-8
Let i(h) = h**2 + 45*h - 90. What is i(2)?
4
Let q(i) = -8*i**2 + 51*i - 10. What is q(6)?
8
Let l(k) = -3*k**2 - 24*k + 85. Give l(5).
-110
Let m(a) = -162*a + 2605. Determine m(16).
13
Let r(w) = -213*w**2 + 31*w - 31. What is r(1)?
-213
Let j(o) = o**3 - o**2 - 240*o + 14. What is j(-15)?
14
Let t(s) = s**2 - 15*s - 32. Determine t(13).
-58
Let t(y) = -2*y**2 + 8*y - 74. Give t(6).
-98
Let h(f) = -55*f - 31. Give h(1).
-86
Let q(y) = -3*y**2 - 40*y + 94. What is q(-17)?
-93
Let y(f) = -2*f**2 - 24*f + 28. Give y(-11).
50
Let h(o) = o**3 - 23*o**2 - 48*o + 582. Give h(24).
6
Let i(d) = -2*d**2 + 16*d + 8. Give i(8).
8
Let u(a) = 13*a - 599. Give u(46).
-1
Let c(p) = 10*p - 62. What is c(4)?
-22
Let d(q) = q**3 + 13*q**2 - 2*q - 266. Calculate d(-11).
-2
Let g(y) = 20*y**2 - 133*y - 33. Calculate g(7).
16
Let j(r) = -r**3 + 2*r**2 - 8*r - 22. What is j(-2)?
10
Let a(y) = -5746*y + 63202. What is a(11)?
-4
Let y(j) = 24*j**2 - 198*j + 7. What is y(8)?
-41
Let q(v) = v**2 - 18*v - 41. Give q(21).
22
Let p(j) = j**3 + 14*j**2 + 9*j - 108. Give p(-13).
-56
Let t(o) = -o**2 - 55*o - 941. What is t(-14)?
-367
Let l(k) = -154*k - 82. Calculate l(-1).
72
Let f(m) = 18*m**2 - 8*m - 6. Calculate f(-1).
20
Let q(u) = -2080*u - 10350. What is q(-5)?
50
Let n(g) = -4204*g + 8479. Calculate n(2).
71
Let i(f) = f**3 + 129*f**2 + 2829*f + 97. Calculate i(-101).
-4
Let x(f) = -2454*f + 17189. Give x(7).
11
Let c(t) = 65*t**2 - 720*t + 720. Determine c(1).
65
Let r(q) = -19*q - 224. What is r(-14)?
42
Let y(h) = h**2 + 77*h + 795. Give y(-12).
15
Let j(c) = 2*c**2 + 905*c + 6233. Give j(-7).
-4
Let k(q) = 10*q + 530. Give k(-54).
-10
Let a(j) = 14*j**3 - 3*j**2 + 46*j - 83. Calculate a(2).
109
Let u(h) = -650*h - 6507. Determine u(-10).
-7
Let m(s) = 4*s**2 - 18*s + 6. Determine m(5).
16
Let l(x) = 2*x**2 + 46*x + 432. Calculate l(-13).
172
Let o(w) = 2*w**2 - 419*w + 1238. What is o(3)?
-1
Let v(a) = 38*a + 1430. Give v(-41).
-128
Let b(t) = -33*t**2 + 2. Determine b(1).
-31
Let p(f) = -541*f + 18333. Determine p(34).
-61
Let a(y) = -y**2 - 130*y - 1625. What is a(-14)?
-1
Let b(g) = 28*g - 745. Calculate b(7).
-549
Let p(h) = -27*h + 22. Determine p(2).
-32
Let l(c) = -20*c - 854. What is l(-46)?
66
Let o(p) = -3*p**3 + 3*p**2 - p. Calculate o(2).
-14
Let f(b) = -b**3 - 32*b**2 - 251*b + 29. Calculate f(-14).
15
Let i(f) = f**3 + 19*f**2 - 22*f - 88. Give i(-20).
-48
Let h(q) = -q**2 + 88*q + 2978. What is h(-26)?
14
Let t(p) = 95*p - 55. What is t(0)?
-55
Let h(q) = q**3 + 13*q**2 + 34*q + 414. What is h(-13)?
-28
Let u(q) = q**2 + 52*q + 528. What is u(-19)?
-99
Let m(l) = 9*l**2 + 3618*l - 3619. Calculate m(1).
8
Let l(x) = x**3 - 67*x**2 + 287*x + 1383. Determine l(62).
-43
Let l(i) = 56*i - 68. Give l(2).
44
Let d(h) = -78*h + 850. Give d(11).
-8
Let p(c) = -3*c**2 - 82*c + 185. Determine p(-30).
-55
Let o(a) = -35*a - 211. Determine o(-8).
69
Let q(k) = -k**2 - 69*k - 980. Give q(-48).
28
Let j(x) = -x**3 - 2*x**2 + 29*x + 17. Calculate j(5).
-13
Let p(v) = 151*v**2 + 7*v + 10. Give p(-2).
600
Let a(h) = -2*h**2 + 216*h - 1650. Calculate a(8).
-50
Let n(a) = 38*a + 1409. Give n(-37).
3
Let s(q) = -7*q**2 + 39*q - 31. What is s(5)?
-11
Let o(f) = 3*f**2 - 69*f - 251. Determine o(22).
-317
Let i(f) = -f**3 + 17*f**2 + 24*f - 132. Give i(18).
-24
Let o(w) = 3*w**2 + 19*w - 68. Give o(-12).
136
Let g(o) = 141*o - 1439. Calculate g(10).
-29
Let c(v) = -186*v - 21. Give c(2).
-393
Let l(x) = -7*x - 539. Determine l(-89).
84
Let x(u) = -u - 42. What is x(-5)?
-37
Let i(t) = 12*t**2 + 256*t - 25. What is i(-22)?
1